3) in base 10?
0
What is 111 (base 15) in base 6?
1041
What is -9 (base 13) in base 9?
-10
What is -33 (base 4) in base 9?
-16
-3 (base 10) to base 11
-3
What is 10 (base 4) in base 12?
4
-2 (base 9) to base 6
-2
What is 24 (base 15) in base 12?
2a
4 (base 5) to base 2
100
What is -5 (base 7) in base 4?
-11
Convert -3 (base 9) to base 10.
-3
Convert 7 (base 12) to base 16.
7
What is -11001 (base 2) in base 12?
-21
1010 (base 5) to base 10
130
c (base 13) to base 14
c
Convert -195 (base 12) to base 2.
-100000001
Convert 5 (base 6) to base 14.
5
c5 (base 13) to base 7
320
What is 4 (base 10) in base 7?
4
What is -102 (base 3) in base 8?
-13
-1 (base 10) to base 11
-1
-14 (base 13) to base 5
-32
What is 1 (base 14) in base 8?
1
-4c (base 14) to base 3
-2112
-14 (base 9) to base 14
-d
Convert -5 (base 13) to base 11.
-5
0 (base 6) to base 7
0
What is -310 (base 6) in base 9?
-136
-7 (base 11) to base 5
-12
What is -2 (base 6) in base 7?
-2
What is 26 (base 11) in base 4?
130
Convert -21 (base 6) to base 11.
-12
0 (base 6) to base 2
0
Convert -24 (base 16) to base 10.
-36
6 (base 9) to base 12
6
Convert 28 (base 13) to base 10.
34
What is -58 (base 10) in base 6?
-134
What is 28 (base 11) in base 3?
1010
192 (base 10) to base 16
c0
What is 1 (base 4) in base 15?
1
Convert 3 (base 10) to base 5.
3
What is -3 (base 13) in base 15?
-3
1 (base 8) to base 2
1
Convert 10 (base 3) to base 11.
3
What is 1 (base 14) in base 7?
1
-12202 (base 3) to base 13
-bc
Convert 10 (base 5) to base 13.
5
Convert 100000 (base 2) to base 8.
40
Convert -5 (base 15) to base 8.
-5
Convert 39 (base 13) to base 9.
53
What is -3 (base 15) in base 16?
-3
2 (base 3) to base 4
2
-1 (base 6) to base 4
-1
What is 111 (base 5) in base 16?
1f
62 (base 12) to base 16
4a
-3 (base 6) to base 16
-3
3 (base 15) to base 9
3
What is 2 (base 7) in base 9?
2
What is 10 (base 3) in base 4?
3
What is 10 (base 4) in base 11?
4
-14 (base 10) to base 4
-32
What is 3 (base 11) in base 16?
3
-111 (base 10) to base 6
-303
103 (base 4) to base 7
25
Convert 14 (base 15) to base 5.
34
-10221 (base 3) to base 6
-254
2b (base 14) to base 15
29
What is 13 (base 16) in base 7?
25
3 (base 11) to base 7
3
What is 62 (base 11) in base 16?
44
What is 12 (base 5) in base 13?
7
Convert -33 (base 7) to base 8.
-30
-42 (base 10) to base 11
-39
-5 (base 8) to base 6
-5
Convert 1 (base 4) to base 5.
1
-4 (base 10) to base 5
-4
-2 (base 9) to base 10
-2
-352 (base 7) to base 2
-10111000
Convert -102 (base 8) to base 11.
-60
What is a8 (base 16) in base 3?
20020
Convert 106 (base 14) to base 10.
202
What is 222 (base 6) in base 13?
68
-1 (base 5) to base 16
-1
Convert -101011 (base 2) to base 8.
-53
What is -d (base 16) in base 15?
-d
Convert -1 (base 11) to base 3.
-1
What is 5 (base 16) in base 4?
11
Convert 8 (base 12) to base 15.
8
What is 0 (base 15) in base 6?
0
-52 (base 16) to base 7
-145
What is -1 (base 4) in base 11?
-1
-1110 (base 2) to base 7
-20
-6 (base 10) to base 7
-6
What is 100111001 (base 2) in base 15?
15d
Convert -14 (base 15) to base 2.
-10011
Convert -b (base 14) to base 2.
-1011
-4 (base 11) to base 6
-4
Convert -10 (base 12) to base 13.
-c
-56 (base 15) to base 10
-81
What is 2 (base 6) in base 2?
10
-18 (base 11) to base 12
-17
What is f (base 16) in base 9?
16
-4 (base 8) to base 12
-4
Convert 0 (base 13) to base 12.
0
What is -100100 (base 2) in base 7?
-51
0 (base 5) to base 15
0
-5b (base 15) to base 14
-62
What is -20 (base 13) in base 10?
-26
33 (base 8) to base 2
11011
-8 (base 13) to base 4
-20
a9 (base 16) to base 11
144
1 (base 14) to base 16
1
0 (base 15) to base 3
0
Convert 19 (base 10) to base 4.
103
279 (base 11) to base 9
404
What is 1 (base 4) in base 5?
1
-1 (base 7) to base 6
-1
Convert 10 (base 2) to base 10.
2
Convert -101 (base 3) to base 16.
-a
Convert -22 (base 6) to base 11.
-13
2 (base 11) to base 2
10
Convert -12 (base 4) to base 14.
-6
Convert 81 (base 9) to base 2.
1001001
32 (base 14) to base 16
2c
-124 (base 5) to base 4
-213
Convert 1 (base 11) to base 14.
1
4 (base 10) to base 5
4
-2 (base 15) to base 2
-10
What is 5 (base 14) in base 13?
5
What is -10 (base 6) in base 11?
-6
What is 3 (base 7) in base 4?
3
Convert 1000 (base 6) to base 16.
d8
What is 216 (base 7) in base 6?
303
-2 (base 9) to base 11
-2
a (base 14) to base 4
22
What is -4 (base 8) in base 16?
-4
What is 43 (base 6) in base 2?
11011
What is 22210 (base 3) in base 5?
1422
Convert -17 (base 10) to base 8.
-21
What is -12 (base 3) in base 4?
-11
What is -167 (base 14) in base 10?
-287
Convert 11 (base 5) to base 4.
12
Convert -11 (base 9) to base 12.
-a
132 (base 4) to base 16
1e
What is -12 (base 6) in base 13?
-8
Convert -101 (base 2) to base 9.
-5
What is -230 (base 4) in base 13?
-35
What is 103 (base 7) in base 2?
110100
Convert 2301 (base 4) to base 6.
453
Convert 30 (base 4) to base 6.
20
-36 (base 7) to base 4
-123
What is 2101 (base 4) in base 8?
221
Convert -22 (base 4) to base 8.
-12
What is -40 (base 13) in base 8?
-64
-12 (base 10) to base 2
-1100
What is 1 (base 14) in base 5?
1
Convert 22 (base 14) to base 9.
33
What is 1010 (base 2) in base 7?
13
Convert -214 (base 5) to base 16.
-3b
-10 (base 6) to base 11
-6
What is -ba (base 15) in base 10?
-175
Convert 10 (base 4) to base 7.
4
What is 11 (base 2) in base 3?
10
What is -1 (base 15) in base 13?
-1
Convert 2 (base 16) to base 12.
2
What is 416 (base 8) in base 7?
534
121 (base 7) to base 11
59
-1 (base 15) to base 11
-1
32 (base 15) to base 7
65
What is -9 (base 11) in base 8?
-11
Convert 1 (base 3) to base 6.
1
Convert 13 (base 14) to base 3.
122
202 (base 5) to base 16
34
b1 (base 13) to base 8
220
What is 3 (base 7) in base 11?
3
What is -2a (base 15) in base 3?
-1111
What is 134 (base 9) in base 10?
112
-4 (base 7) to base 16
-4
-9 (base 11) to base 12
-9
Convert 12010 (base 3) to base 12.
b6
Convert 7 (base 15) to base 13.
7
What is -83 (base 10) in base 7?
-146
Convert 10011011 (base 2) to base 14.
b1
14 (base 12) to base 9
17
What is -aa (base 13) in base 10?
-140
355 (base 8) to base 10
237
Convert -1 (base 15) to base 12.
-1
What is -99 (base 12) in base 2?
-1110101
-59 (base 14) to base 6
-211
Convert 35 (base 12) to base 14.
2d
1122 (base 5) to base 12
116
-1100 (base 3) to base 16
-24
-2 (base 9) to base 2
-10
What is -10 (base 10) in base 4?
-22
Convert -2200 (base 3) to base 10.
-72
What is -6 (base 16) in base 4?
-12
-12 (base 6) to base 11
-8
Convert 1000 (base 2) to base 16.
8
21 (base 8) to base 13
14
Convert 28 (base 15) to base 9.
42
Convert 135 (base 7) to base 14.
55
What is 2332 (base 5) in base 8?
526
Convert -68 (base 12) to base 4.
-1100
What is -1 (base 15) in base 3?
-1
What is -5 (base 16) in base 5?
-10
What is -171 (base 10) in base 9?
-210
What is 2 (base 8) in base 4?
2
What is 323 (base 6) in base 14?
8b
50 (base 9) to base 2
101101
3 (base 12) to base 4
3
Convert -8 (base 11) to base 2.
-1000
12 (base 7) to base 14
9
Convert 1010 (base 2) to base 3.
101
Convert 10 (base 15) to base 6.
23
What is 1 (base 8) in base 11?
1
Convert -11122 (base 3) to base 13.
-98
Convert -22201 (base 3) to base 11.
-1a4
What is 84 (base 15) in base 10?
124
-3c (base 13) to base 6
-123
Convert -333 (base 7) to base 16.
-ab
10 (base 9) to base 13
9
Convert 11011 (base 2) to base 3.
1000
Convert -121 (base 4) to base 6.
-41
Convert 1 (base 4) to base 2.
1
What is 6 (base 14) in base 3?
20
0 (base 2) to base 14
0
Convert -4 (base 13) to base 11.
-4
What is -4 (base 15) in base 7?
-4
Convert -100 (base 2) to base 5.
-4
35 (base 12) to base 2
101001
-33 (base 9) to base 3
-1010
Convert 26 (base 12) to base 9.
33
-1 (base 14) to base 15
-1
-30 (base 13) to base 9
-43
Convert 14 (base 11) to base 9.
16
2 (base 5) to base 12
2
Convert -1 (base 9) to base 2.
-1
-27 (base 14) to base 8
-43
What is 7 (base 9) in base 7?
10
Convert 2 (base 11) to base 8.
2
-31 (base 4) to base 5
-23
Convert 6 (base 13) to base 4.
12
What is -103 (base 5) in base 3?
-1001
Convert -4 (base 8) to base 7.
-4
Convert 1 (base 9) to base 14.
1
What is 4 (base 12) in base 8?
4
Convert 3 (base 9) to base 10.
3
What is 2 (base 13) in base 12?
2
-1d (base 15) to base 10
-28
What is 2b (base 15) in base 12?
35
Convert 81 (base 13) to base 6.
253
Convert